{"id":27,"date":"2023-05-11T21:38:33","date_gmt":"2023-05-11T19:38:33","guid":{"rendered":"https:\/\/wyzej.com.pl\/?page_id=27"},"modified":"2025-03-17T15:05:39","modified_gmt":"2025-03-17T14:05:39","slug":"odsniezanie","status":"publish","type":"page","link":"https:\/\/wyzej.com.pl\/index.php\/oferta\/odsniezanie\/","title":{"rendered":"OD\u015aNIE\u017bANIE"},"content":{"rendered":"\t\t<div data-elementor-type=\"wp-page\" data-elementor-id=\"27\" class=\"elementor elementor-27\" data-elementor-post-type=\"page\">\n\t\t\t\t\t\t<section class=\"elementor-section elementor-top-section elementor-element elementor-element-38c9efe1 elementor-section-content-middle elementor-section-boxed elementor-section-height-default elementor-section-height-default\" data-id=\"38c9efe1\" data-element_type=\"section\" data-settings=\"{&quot;background_background&quot;:&quot;classic&quot;}\">\n\t\t\t\t\t\t<div class=\"elementor-container elementor-column-gap-default\">\n\t\t\t\t\t<div class=\"elementor-column elementor-col-66 elementor-top-column elementor-element elementor-element-1f487345\" data-id=\"1f487345\" data-element_type=\"column\">\n\t\t\t<div class=\"elementor-widget-wrap elementor-element-populated\">\n\t\t\t\t\t\t<div class=\"elementor-element elementor-element-633deb11 elementor-widget elementor-widget-heading\" data-id=\"633deb11\" data-element_type=\"widget\" data-widget_type=\"heading.default\">\n\t\t\t\t<div class=\"elementor-widget-container\">\n\t\t\t\t\t<h2 class=\"elementor-heading-title elementor-size-default\">Od\u015bnie\u017c\u0105nie i usuwanie sopli<\/h2>\t\t\t\t<\/div>\n\t\t\t\t<\/div>\n\t\t\t\t\t<\/div>\n\t\t<\/div>\n\t\t\t\t<div class=\"elementor-column elementor-col-33 elementor-top-column elementor-element elementor-element-50a0ac42\" data-id=\"50a0ac42\" data-element_type=\"column\">\n\t\t\t<div class=\"elementor-widget-wrap elementor-element-populated\">\n\t\t\t\t\t\t<div class=\"elementor-element elementor-element-4645c7ff elementor-widget elementor-widget-image\" data-id=\"4645c7ff\" data-element_type=\"widget\" data-widget_type=\"image.default\">\n\t\t\t\t<div class=\"elementor-widget-container\">\n\t\t\t\t\t\t\t\t\t\t\t\t\t\t\t<img decoding=\"async\" width=\"98\" height=\"188\" src=\"https:\/\/wyzej.com.pl\/wp-content\/uploads\/2023\/05\/g903.png\" class=\"attachment-large size-large wp-image-152\" alt=\"\" \/>\t\t\t\t\t\t\t\t\t\t\t\t\t\t\t<\/div>\n\t\t\t\t<\/div>\n\t\t\t\t\t<\/div>\n\t\t<\/div>\n\t\t\t\t\t<\/div>\n\t\t<\/section>\n\t\t\t\t<section class=\"elementor-section elementor-top-section elementor-element elementor-element-19627355 elementor-section-boxed elementor-section-height-default elementor-section-height-default\" data-id=\"19627355\" data-element_type=\"section\">\n\t\t\t\t\t\t<div class=\"elementor-container elementor-column-gap-default\">\n\t\t\t\t\t<div class=\"elementor-column elementor-col-100 elementor-top-column elementor-element elementor-element-2c3d8879\" data-id=\"2c3d8879\" data-element_type=\"column\">\n\t\t\t<div class=\"elementor-widget-wrap elementor-element-populated\">\n\t\t\t\t\t\t<div class=\"elementor-element elementor-element-14d4f8ff elementor-widget elementor-widget-heading\" data-id=\"14d4f8ff\" data-element_type=\"widget\" data-widget_type=\"heading.default\">\n\t\t\t\t<div class=\"elementor-widget-container\">\n\t\t\t\t\t<h2 class=\"elementor-heading-title elementor-size-default\">W sezonie zimowym pomagamy w od\u015bnie\u017caniu\ndach\u00f3w budynk\u00f3w i usuwaniu sopli\nzagra\u017caj\u0105cych ,bezpiecze\u0144stwu.<\/h2>\t\t\t\t<\/div>\n\t\t\t\t<\/div>\n\t\t\t\t\t<\/div>\n\t\t<\/div>\n\t\t\t\t\t<\/div>\n\t\t<\/section>\n\t\t\t\t<section class=\"elementor-section elementor-top-section elementor-element elementor-element-668bb77f elementor-section-boxed elementor-section-height-default elementor-section-height-default\" data-id=\"668bb77f\" data-element_type=\"section\" data-settings=\"{&quot;background_background&quot;:&quot;classic&quot;}\">\n\t\t\t\t\t\t<div class=\"elementor-container elementor-column-gap-default\">\n\t\t\t\t\t<div class=\"elementor-column elementor-col-50 elementor-top-column elementor-element elementor-element-260b52f8\" data-id=\"260b52f8\" data-element_type=\"column\" data-settings=\"{&quot;background_background&quot;:&quot;classic&quot;}\">\n\t\t\t<div class=\"elementor-widget-wrap elementor-element-populated\">\n\t\t\t\t\t\t<div class=\"elementor-element elementor-element-2ba181da elementor-widget elementor-widget-text-editor\" data-id=\"2ba181da\" data-element_type=\"widget\" data-widget_type=\"text-editor.default\">\n\t\t\t\t<div class=\"elementor-widget-container\">\n\t\t\t\t\t\t\t\t\t<ul><li>od\u015bnie\u017canie dom\u00f3w jednorodzinnych<\/li><li>od\u015bnie\u017canie hal i magazyn\u00f3w<\/li><li>od\u015bnie\u017canie daszk\u00f3w i \u015bwietlik\u00f3w<\/li><li>od\u015bnie\u017canie dach\u00f3w trudnodost\u0119pnych<\/li><li>usuwanie sopli lodowych<\/li><\/ul>\t\t\t\t\t\t\t\t<\/div>\n\t\t\t\t<\/div>\n\t\t\t\t\t<\/div>\n\t\t<\/div>\n\t\t\t\t<div class=\"elementor-column elementor-col-50 elementor-top-column elementor-element elementor-element-36e50ecb\" data-id=\"36e50ecb\" data-element_type=\"column\">\n\t\t\t<div class=\"elementor-widget-wrap elementor-element-populated\">\n\t\t\t\t\t\t<div class=\"elementor-element elementor-element-650ba35b elementor-widget elementor-widget-image\" data-id=\"650ba35b\" data-element_type=\"widget\" data-widget_type=\"image.default\">\n\t\t\t\t<div class=\"elementor-widget-container\">\n\t\t\t\t\t\t\t\t\t\t\t\t\t\t\t<img fetchpriority=\"high\" decoding=\"async\" width=\"800\" height=\"535\" src=\"https:\/\/wyzej.com.pl\/wp-content\/uploads\/2023\/05\/g943-1024x685.png\" class=\"attachment-large size-large wp-image-155\" alt=\"\" srcset=\"https:\/\/wyzej.com.pl\/wp-content\/uploads\/2023\/05\/g943-1024x685.png 1024w, https:\/\/wyzej.com.pl\/wp-content\/uploads\/2023\/05\/g943-300x201.png 300w, https:\/\/wyzej.com.pl\/wp-content\/uploads\/2023\/05\/g943-768x514.png 768w, https:\/\/wyzej.com.pl\/wp-content\/uploads\/2023\/05\/g943.png 1202w\" sizes=\"(max-width: 800px) 100vw, 800px\" \/>\t\t\t\t\t\t\t\t\t\t\t\t\t\t\t<\/div>\n\t\t\t\t<\/div>\n\t\t\t\t\t<\/div>\n\t\t<\/div>\n\t\t\t\t\t<\/div>\n\t\t<\/section>\n\t\t\t\t<\/div>\n\t\t","protected":false},"excerpt":{"rendered":"<p>Od\u015bnie\u017c\u0105nie i usuwanie sopli W sezonie zimowym pomagamy w od\u015bnie\u017caniu dach\u00f3w budynk\u00f3w i usuwaniu sopli zagra\u017caj\u0105cych ,bezpiecze\u0144stwu. od\u015bnie\u017canie dom\u00f3w jednorodzinnych od\u015bnie\u017canie hal i magazyn\u00f3w od\u015bnie\u017canie daszk\u00f3w i \u015bwietlik\u00f3w od\u015bnie\u017canie dach\u00f3w trudnodost\u0119pnych usuwanie sopli lodowych<\/p>\n","protected":false},"author":1,"featured_media":0,"parent":16,"menu_order":0,"comment_status":"closed","ping_status":"closed","template":"elementor_header_footer","meta":{"footnotes":""},"class_list":["post-27","page","type-page","status-publish","hentry"],"yoast_head":"<!-- This site is optimized with the Yoast SEO plugin v24.4 - https:\/\/yoast.com\/wordpress\/plugins\/seo\/ -->\n<title>Od\u015bnie\u017canie Dach\u00f3w, Chodnik\u00f3w i Posesji \u2013 Szybko i Skutecznie- Wy\u017cej<\/title>\n<meta name=\"description\" content=\"Oferujemy profesjonalne od\u015bnie\u017canie dach\u00f3w, chodnik\u00f3w i posesji. Bezpieczne usuwanie \u015bniegu, sopli i oblodze\u0144. Zapewniamy szybkie dzia\u0142anie i konkurencyjne ceny. Skontaktuj si\u0119 i zam\u00f3w us\u0142ug\u0119 ju\u017c dzi\u015b!\" \/>\n<meta name=\"robots\" content=\"index, follow, max-snippet:-1, max-image-preview:large, max-video-preview:-1\" \/>\n<link rel=\"canonical\" href=\"https:\/\/wyzej.com.pl\/index.php\/oferta\/odsniezanie\/\" \/>\n<meta property=\"og:locale\" content=\"pl_PL\" \/>\n<meta property=\"og:type\" content=\"article\" \/>\n<meta property=\"og:title\" content=\"Od\u015bnie\u017canie Dach\u00f3w, Chodnik\u00f3w i Posesji \u2013 Szybko i Skutecznie- Wy\u017cej\" \/>\n<meta property=\"og:description\" content=\"Oferujemy profesjonalne od\u015bnie\u017canie dach\u00f3w, chodnik\u00f3w i posesji. Bezpieczne usuwanie \u015bniegu, sopli i oblodze\u0144. Zapewniamy szybkie dzia\u0142anie i konkurencyjne ceny. Skontaktuj si\u0119 i zam\u00f3w us\u0142ug\u0119 ju\u017c dzi\u015b!\" \/>\n<meta property=\"og:url\" content=\"https:\/\/wyzej.com.pl\/index.php\/oferta\/odsniezanie\/\" \/>\n<meta property=\"og:site_name\" content=\"Wy\u017cej\" \/>\n<meta property=\"article:modified_time\" content=\"2025-03-17T14:05:39+00:00\" \/>\n<meta property=\"og:image\" content=\"https:\/\/wyzej.com.pl\/wp-content\/uploads\/2023\/05\/g903.png\" \/>\n<meta name=\"twitter:card\" content=\"summary_large_image\" \/>\n<meta name=\"twitter:label1\" content=\"Szacowany czas czytania\" \/>\n\t<meta name=\"twitter:data1\" content=\"1 minuta\" \/>\n<script type=\"application\/ld+json\" class=\"yoast-schema-graph\">{\"@context\":\"https:\/\/schema.org\",\"@graph\":[{\"@type\":\"WebPage\",\"@id\":\"https:\/\/wyzej.com.pl\/index.php\/oferta\/odsniezanie\/\",\"url\":\"https:\/\/wyzej.com.pl\/index.php\/oferta\/odsniezanie\/\",\"name\":\"Od\u015bnie\u017canie Dach\u00f3w, Chodnik\u00f3w i Posesji \u2013 Szybko i Skutecznie- Wy\u017cej\",\"isPartOf\":{\"@id\":\"https:\/\/wyzej.com.pl\/#website\"},\"primaryImageOfPage\":{\"@id\":\"https:\/\/wyzej.com.pl\/index.php\/oferta\/odsniezanie\/#primaryimage\"},\"image\":{\"@id\":\"https:\/\/wyzej.com.pl\/index.php\/oferta\/odsniezanie\/#primaryimage\"},\"thumbnailUrl\":\"https:\/\/wyzej.com.pl\/wp-content\/uploads\/2023\/05\/g903.png\",\"datePublished\":\"2023-05-11T19:38:33+00:00\",\"dateModified\":\"2025-03-17T14:05:39+00:00\",\"description\":\"Oferujemy profesjonalne od\u015bnie\u017canie dach\u00f3w, chodnik\u00f3w i posesji. Bezpieczne usuwanie \u015bniegu, sopli i oblodze\u0144. Zapewniamy szybkie dzia\u0142anie i konkurencyjne ceny. Skontaktuj si\u0119 i zam\u00f3w us\u0142ug\u0119 ju\u017c dzi\u015b!\",\"breadcrumb\":{\"@id\":\"https:\/\/wyzej.com.pl\/index.php\/oferta\/odsniezanie\/#breadcrumb\"},\"inLanguage\":\"pl-PL\",\"potentialAction\":[{\"@type\":\"ReadAction\",\"target\":[\"https:\/\/wyzej.com.pl\/index.php\/oferta\/odsniezanie\/\"]}]},{\"@type\":\"ImageObject\",\"inLanguage\":\"pl-PL\",\"@id\":\"https:\/\/wyzej.com.pl\/index.php\/oferta\/odsniezanie\/#primaryimage\",\"url\":\"https:\/\/wyzej.com.pl\/wp-content\/uploads\/2023\/05\/g903.png\",\"contentUrl\":\"https:\/\/wyzej.com.pl\/wp-content\/uploads\/2023\/05\/g903.png\",\"width\":98,\"height\":188},{\"@type\":\"BreadcrumbList\",\"@id\":\"https:\/\/wyzej.com.pl\/index.php\/oferta\/odsniezanie\/#breadcrumb\",\"itemListElement\":[{\"@type\":\"ListItem\",\"position\":1,\"name\":\"Strona g\u0142\u00f3wna\",\"item\":\"https:\/\/wyzej.com.pl\/\"},{\"@type\":\"ListItem\",\"position\":2,\"name\":\"Oferta\",\"item\":\"https:\/\/wyzej.com.pl\/\"},{\"@type\":\"ListItem\",\"position\":3,\"name\":\"OD\u015aNIE\u017bANIE\"}]},{\"@type\":\"WebSite\",\"@id\":\"https:\/\/wyzej.com.pl\/#website\",\"url\":\"https:\/\/wyzej.com.pl\/\",\"name\":\"Wy\u017cej - Us\u0142ugi wysoko\u015bciowe\",\"description\":\"\",\"publisher\":{\"@id\":\"https:\/\/wyzej.com.pl\/#organization\"},\"potentialAction\":[{\"@type\":\"SearchAction\",\"target\":{\"@type\":\"EntryPoint\",\"urlTemplate\":\"https:\/\/wyzej.com.pl\/?s={search_term_string}\"},\"query-input\":{\"@type\":\"PropertyValueSpecification\",\"valueRequired\":true,\"valueName\":\"search_term_string\"}}],\"inLanguage\":\"pl-PL\"},{\"@type\":\"Organization\",\"@id\":\"https:\/\/wyzej.com.pl\/#organization\",\"name\":\"Wy\u017cej - Us\u0142ugi wysoko\u015bciowe\",\"url\":\"https:\/\/wyzej.com.pl\/\",\"logo\":{\"@type\":\"ImageObject\",\"inLanguage\":\"pl-PL\",\"@id\":\"https:\/\/wyzej.com.pl\/#\/schema\/logo\/image\/\",\"url\":\"https:\/\/wyzej.com.pl\/wp-content\/uploads\/2023\/05\/path133.png\",\"contentUrl\":\"https:\/\/wyzej.com.pl\/wp-content\/uploads\/2023\/05\/path133.png\",\"width\":870,\"height\":773,\"caption\":\"Wy\u017cej - Us\u0142ugi wysoko\u015bciowe\"},\"image\":{\"@id\":\"https:\/\/wyzej.com.pl\/#\/schema\/logo\/image\/\"}}]}<\/script>\n<!-- \/ Yoast SEO plugin. -->","yoast_head_json":{"title":"Od\u015bnie\u017canie Dach\u00f3w, Chodnik\u00f3w i Posesji \u2013 Szybko i Skutecznie- Wy\u017cej","description":"Oferujemy profesjonalne od\u015bnie\u017canie dach\u00f3w, chodnik\u00f3w i posesji. Bezpieczne usuwanie \u015bniegu, sopli i oblodze\u0144. Zapewniamy szybkie dzia\u0142anie i konkurencyjne ceny. Skontaktuj si\u0119 i zam\u00f3w us\u0142ug\u0119 ju\u017c dzi\u015b!","robots":{"index":"index","follow":"follow","max-snippet":"max-snippet:-1","max-image-preview":"max-image-preview:large","max-video-preview":"max-video-preview:-1"},"canonical":"https:\/\/wyzej.com.pl\/index.php\/oferta\/odsniezanie\/","og_locale":"pl_PL","og_type":"article","og_title":"Od\u015bnie\u017canie Dach\u00f3w, Chodnik\u00f3w i Posesji \u2013 Szybko i Skutecznie- Wy\u017cej","og_description":"Oferujemy profesjonalne od\u015bnie\u017canie dach\u00f3w, chodnik\u00f3w i posesji. Bezpieczne usuwanie \u015bniegu, sopli i oblodze\u0144. Zapewniamy szybkie dzia\u0142anie i konkurencyjne ceny. Skontaktuj si\u0119 i zam\u00f3w us\u0142ug\u0119 ju\u017c dzi\u015b!","og_url":"https:\/\/wyzej.com.pl\/index.php\/oferta\/odsniezanie\/","og_site_name":"Wy\u017cej","article_modified_time":"2025-03-17T14:05:39+00:00","og_image":[{"url":"https:\/\/wyzej.com.pl\/wp-content\/uploads\/2023\/05\/g903.png","type":"","width":"","height":""}],"twitter_card":"summary_large_image","twitter_misc":{"Szacowany czas czytania":"1 minuta"},"schema":{"@context":"https:\/\/schema.org","@graph":[{"@type":"WebPage","@id":"https:\/\/wyzej.com.pl\/index.php\/oferta\/odsniezanie\/","url":"https:\/\/wyzej.com.pl\/index.php\/oferta\/odsniezanie\/","name":"Od\u015bnie\u017canie Dach\u00f3w, Chodnik\u00f3w i Posesji \u2013 Szybko i Skutecznie- Wy\u017cej","isPartOf":{"@id":"https:\/\/wyzej.com.pl\/#website"},"primaryImageOfPage":{"@id":"https:\/\/wyzej.com.pl\/index.php\/oferta\/odsniezanie\/#primaryimage"},"image":{"@id":"https:\/\/wyzej.com.pl\/index.php\/oferta\/odsniezanie\/#primaryimage"},"thumbnailUrl":"https:\/\/wyzej.com.pl\/wp-content\/uploads\/2023\/05\/g903.png","datePublished":"2023-05-11T19:38:33+00:00","dateModified":"2025-03-17T14:05:39+00:00","description":"Oferujemy profesjonalne od\u015bnie\u017canie dach\u00f3w, chodnik\u00f3w i posesji. Bezpieczne usuwanie \u015bniegu, sopli i oblodze\u0144. Zapewniamy szybkie dzia\u0142anie i konkurencyjne ceny. Skontaktuj si\u0119 i zam\u00f3w us\u0142ug\u0119 ju\u017c dzi\u015b!","breadcrumb":{"@id":"https:\/\/wyzej.com.pl\/index.php\/oferta\/odsniezanie\/#breadcrumb"},"inLanguage":"pl-PL","potentialAction":[{"@type":"ReadAction","target":["https:\/\/wyzej.com.pl\/index.php\/oferta\/odsniezanie\/"]}]},{"@type":"ImageObject","inLanguage":"pl-PL","@id":"https:\/\/wyzej.com.pl\/index.php\/oferta\/odsniezanie\/#primaryimage","url":"https:\/\/wyzej.com.pl\/wp-content\/uploads\/2023\/05\/g903.png","contentUrl":"https:\/\/wyzej.com.pl\/wp-content\/uploads\/2023\/05\/g903.png","width":98,"height":188},{"@type":"BreadcrumbList","@id":"https:\/\/wyzej.com.pl\/index.php\/oferta\/odsniezanie\/#breadcrumb","itemListElement":[{"@type":"ListItem","position":1,"name":"Strona g\u0142\u00f3wna","item":"https:\/\/wyzej.com.pl\/"},{"@type":"ListItem","position":2,"name":"Oferta","item":"https:\/\/wyzej.com.pl\/"},{"@type":"ListItem","position":3,"name":"OD\u015aNIE\u017bANIE"}]},{"@type":"WebSite","@id":"https:\/\/wyzej.com.pl\/#website","url":"https:\/\/wyzej.com.pl\/","name":"Wy\u017cej - Us\u0142ugi wysoko\u015bciowe","description":"","publisher":{"@id":"https:\/\/wyzej.com.pl\/#organization"},"potentialAction":[{"@type":"SearchAction","target":{"@type":"EntryPoint","urlTemplate":"https:\/\/wyzej.com.pl\/?s={search_term_string}"},"query-input":{"@type":"PropertyValueSpecification","valueRequired":true,"valueName":"search_term_string"}}],"inLanguage":"pl-PL"},{"@type":"Organization","@id":"https:\/\/wyzej.com.pl\/#organization","name":"Wy\u017cej - Us\u0142ugi wysoko\u015bciowe","url":"https:\/\/wyzej.com.pl\/","logo":{"@type":"ImageObject","inLanguage":"pl-PL","@id":"https:\/\/wyzej.com.pl\/#\/schema\/logo\/image\/","url":"https:\/\/wyzej.com.pl\/wp-content\/uploads\/2023\/05\/path133.png","contentUrl":"https:\/\/wyzej.com.pl\/wp-content\/uploads\/2023\/05\/path133.png","width":870,"height":773,"caption":"Wy\u017cej - Us\u0142ugi wysoko\u015bciowe"},"image":{"@id":"https:\/\/wyzej.com.pl\/#\/schema\/logo\/image\/"}}]}},"_links":{"self":[{"href":"https:\/\/wyzej.com.pl\/index.php\/wp-json\/wp\/v2\/pages\/27","targetHints":{"allow":["GET"]}}],"collection":[{"href":"https:\/\/wyzej.com.pl\/index.php\/wp-json\/wp\/v2\/pages"}],"about":[{"href":"https:\/\/wyzej.com.pl\/index.php\/wp-json\/wp\/v2\/types\/page"}],"author":[{"embeddable":true,"href":"https:\/\/wyzej.com.pl\/index.php\/wp-json\/wp\/v2\/users\/1"}],"replies":[{"embeddable":true,"href":"https:\/\/wyzej.com.pl\/index.php\/wp-json\/wp\/v2\/comments?post=27"}],"version-history":[{"count":4,"href":"https:\/\/wyzej.com.pl\/index.php\/wp-json\/wp\/v2\/pages\/27\/revisions"}],"predecessor-version":[{"id":158,"href":"https:\/\/wyzej.com.pl\/index.php\/wp-json\/wp\/v2\/pages\/27\/revisions\/158"}],"up":[{"embeddable":true,"href":"https:\/\/wyzej.com.pl\/index.php\/wp-json\/wp\/v2\/pages\/16"}],"wp:attachment":[{"href":"https:\/\/wyzej.com.pl\/index.php\/wp-json\/wp\/v2\/media?parent=27"}],"curies":[{"name":"wp","href":"https:\/\/api.w.org\/{rel}","templated":true}]}}