{"id":17,"date":"2023-05-11T21:36:08","date_gmt":"2023-05-11T19:36:08","guid":{"rendered":"https:\/\/wyzej.com.pl\/?page_id=17"},"modified":"2025-03-17T15:07:21","modified_gmt":"2025-03-17T14:07:21","slug":"o-nas","status":"publish","type":"page","link":"https:\/\/wyzej.com.pl\/index.php\/o-nas\/","title":{"rendered":"O nas"},"content":{"rendered":"\t\t<div data-elementor-type=\"wp-page\" data-elementor-id=\"17\" class=\"elementor elementor-17\" data-elementor-post-type=\"page\">\n\t\t\t\t\t\t<section class=\"elementor-section elementor-top-section elementor-element elementor-element-8d628be elementor-section-content-middle elementor-section-boxed elementor-section-height-default elementor-section-height-default\" data-id=\"8d628be\" data-element_type=\"section\" data-settings=\"{&quot;background_background&quot;:&quot;classic&quot;}\">\n\t\t\t\t\t\t<div class=\"elementor-container elementor-column-gap-default\">\n\t\t\t\t\t<div class=\"elementor-column elementor-col-66 elementor-top-column elementor-element elementor-element-2513d10\" data-id=\"2513d10\" data-element_type=\"column\">\n\t\t\t<div class=\"elementor-widget-wrap elementor-element-populated\">\n\t\t\t\t\t\t<div class=\"elementor-element elementor-element-8c2de04 elementor-widget elementor-widget-heading\" data-id=\"8c2de04\" data-element_type=\"widget\" data-widget_type=\"heading.default\">\n\t\t\t\t<div class=\"elementor-widget-container\">\n\t\t\t\t\t<h2 class=\"elementor-heading-title elementor-size-default\">O nas<\/h2>\t\t\t\t<\/div>\n\t\t\t\t<\/div>\n\t\t\t\t\t<\/div>\n\t\t<\/div>\n\t\t\t\t<div class=\"elementor-column elementor-col-33 elementor-top-column elementor-element elementor-element-cfc596c\" data-id=\"cfc596c\" data-element_type=\"column\">\n\t\t\t<div class=\"elementor-widget-wrap elementor-element-populated\">\n\t\t\t\t\t\t<div class=\"elementor-element elementor-element-0f5ca89 elementor-widget elementor-widget-image\" data-id=\"0f5ca89\" data-element_type=\"widget\" data-widget_type=\"image.default\">\n\t\t\t\t<div class=\"elementor-widget-container\">\n\t\t\t\t\t\t\t\t\t\t\t\t\t\t\t<img fetchpriority=\"high\" decoding=\"async\" width=\"800\" height=\"392\" src=\"https:\/\/wyzej.com.pl\/wp-content\/uploads\/2023\/05\/path145-1-1024x502.png\" class=\"attachment-large size-large wp-image-182\" alt=\"\" srcset=\"https:\/\/wyzej.com.pl\/wp-content\/uploads\/2023\/05\/path145-1-1024x502.png 1024w, https:\/\/wyzej.com.pl\/wp-content\/uploads\/2023\/05\/path145-1-300x147.png 300w, https:\/\/wyzej.com.pl\/wp-content\/uploads\/2023\/05\/path145-1-768x376.png 768w, https:\/\/wyzej.com.pl\/wp-content\/uploads\/2023\/05\/path145-1-1536x753.png 1536w, https:\/\/wyzej.com.pl\/wp-content\/uploads\/2023\/05\/path145-1-2048x1004.png 2048w\" sizes=\"(max-width: 800px) 100vw, 800px\" \/>\t\t\t\t\t\t\t\t\t\t\t\t\t\t\t<\/div>\n\t\t\t\t<\/div>\n\t\t\t\t\t<\/div>\n\t\t<\/div>\n\t\t\t\t\t<\/div>\n\t\t<\/section>\n\t\t\t\t<section class=\"elementor-section elementor-top-section elementor-element elementor-element-3e5dfb4 elementor-section-boxed elementor-section-height-default elementor-section-height-default\" data-id=\"3e5dfb4\" data-element_type=\"section\" data-settings=\"{&quot;background_background&quot;:&quot;classic&quot;}\">\n\t\t\t\t\t\t<div class=\"elementor-container elementor-column-gap-default\">\n\t\t\t\t\t<div class=\"elementor-column elementor-col-50 elementor-top-column elementor-element elementor-element-b7dcd55\" data-id=\"b7dcd55\" data-element_type=\"column\" data-settings=\"{&quot;background_background&quot;:&quot;classic&quot;}\">\n\t\t\t<div class=\"elementor-widget-wrap elementor-element-populated\">\n\t\t\t\t\t\t<div class=\"elementor-element elementor-element-89bb2ce elementor-widget elementor-widget-heading\" data-id=\"89bb2ce\" data-element_type=\"widget\" data-widget_type=\"heading.default\">\n\t\t\t\t<div class=\"elementor-widget-container\">\n\t\t\t\t\t<h2 class=\"elementor-heading-title elementor-size-default\"> \" Wy\u017cej\" jest m\u0142od\u0105, pr\u0119\u017cnie rozwijaj\u0105c\u0105 si\u0119 firm\u0105 opart\u0105 na wieloletnim do\u015bwiadczeniu jej tw\u00f3rc\u00f3w.  Alpinizm przemys\u0142owy oraz prace techniczne wykonujemy od niemal dekady, s\u0105 one zar\u00f3wno nasz\u0105 prac\u0105 jak i pasj\u0105. <\/h2>\t\t\t\t<\/div>\n\t\t\t\t<\/div>\n\t\t\t\t<div class=\"elementor-element elementor-element-cad5610 elementor-widget elementor-widget-text-editor\" data-id=\"cad5610\" data-element_type=\"widget\" data-widget_type=\"text-editor.default\">\n\t\t\t\t<div class=\"elementor-widget-container\">\n\t\t\t\t\t\t\t\t\t<p>Staramy si\u0119 ci\u0105gle rozwija\u0107 poprzez szkolenia, tam gdzie trzeba wsp\u00f3\u0142pracujemy z innymi, specjalistycznymi firmami co pozwala na znalezienie optymalnych rozwi\u0105za\u0144 dla wszelkiego typu skomplikowanych, prac na wysoko\u015bci.<\/p><p>Szanujemy Pa\u0144stwa i sw\u00f3j czas dlatego uwa\u017camy, \u017ce we wzajemnych kontaktach biznesowych najwa\u017cniejszy jest szacunek i profesjonalizm.<\/p><p>Prywatnie jeste\u015bmy entuzjastami sportu, wspinania i jazdy na rowerze.<\/p>\t\t\t\t\t\t\t\t<\/div>\n\t\t\t\t<\/div>\n\t\t\t\t\t<\/div>\n\t\t<\/div>\n\t\t\t\t<div class=\"elementor-column elementor-col-50 elementor-top-column elementor-element elementor-element-11fb844\" data-id=\"11fb844\" data-element_type=\"column\">\n\t\t\t<div class=\"elementor-widget-wrap elementor-element-populated\">\n\t\t\t\t\t\t<div class=\"elementor-element elementor-element-4027ad3 elementor-widget elementor-widget-image\" data-id=\"4027ad3\" data-element_type=\"widget\" data-widget_type=\"image.default\">\n\t\t\t\t<div class=\"elementor-widget-container\">\n\t\t\t\t\t\t\t\t\t\t\t\t\t\t\t<img decoding=\"async\" width=\"800\" height=\"1020\" src=\"https:\/\/wyzej.com.pl\/wp-content\/uploads\/2023\/05\/g1201-803x1024.png\" class=\"attachment-large size-large wp-image-161\" alt=\"\" srcset=\"https:\/\/wyzej.com.pl\/wp-content\/uploads\/2023\/05\/g1201-803x1024.png 803w, https:\/\/wyzej.com.pl\/wp-content\/uploads\/2023\/05\/g1201-235x300.png 235w, https:\/\/wyzej.com.pl\/wp-content\/uploads\/2023\/05\/g1201-768x980.png 768w, https:\/\/wyzej.com.pl\/wp-content\/uploads\/2023\/05\/g1201.png 881w\" sizes=\"(max-width: 800px) 100vw, 800px\" \/>\t\t\t\t\t\t\t\t\t\t\t\t\t\t\t<\/div>\n\t\t\t\t<\/div>\n\t\t\t\t\t<\/div>\n\t\t<\/div>\n\t\t\t\t\t<\/div>\n\t\t<\/section>\n\t\t\t\t<\/div>\n\t\t","protected":false},"excerpt":{"rendered":"<p>O nas &#8221; Wy\u017cej&#8221; jest m\u0142od\u0105, pr\u0119\u017cnie rozwijaj\u0105c\u0105 si\u0119 firm\u0105 opart\u0105 na wieloletnim do\u015bwiadczeniu jej tw\u00f3rc\u00f3w. Alpinizm przemys\u0142owy oraz prace techniczne wykonujemy od niemal dekady, s\u0105 one zar\u00f3wno nasz\u0105 prac\u0105 jak i pasj\u0105. Staramy si\u0119 ci\u0105gle rozwija\u0107 poprzez szkolenia, tam gdzie trzeba wsp\u00f3\u0142pracujemy z innymi, specjalistycznymi firmami co pozwala na znalezienie optymalnych rozwi\u0105za\u0144 dla wszelkiego [&hellip;]<\/p>\n","protected":false},"author":1,"featured_media":0,"parent":0,"menu_order":0,"comment_status":"closed","ping_status":"closed","template":"elementor_header_footer","meta":{"footnotes":""},"class_list":["post-17","page","type-page","status-publish","hentry"],"yoast_head":"<!-- This site is optimized with the Yoast SEO plugin v24.4 - https:\/\/yoast.com\/wordpress\/plugins\/seo\/ -->\n<title>O Nas \u2013 Poznaj Nasz\u0105 Firm\u0119 i Misj\u0119 - Wy\u017cej<\/title>\n<meta name=\"description\" content=\"Dowiedz si\u0119 wi\u0119cej o naszej firmie, do\u015bwiadczeniu i warto\u015bciach, kt\u00f3re nami kieruj\u0105. Realizujemy us\u0142ugi na najwy\u017cszym poziomie, dbaj\u0105c o jako\u015b\u0107 i satysfakcj\u0119 klient\u00f3w. Poznaj nas bli\u017cej!\" \/>\n<meta name=\"robots\" content=\"index, follow, max-snippet:-1, max-image-preview:large, max-video-preview:-1\" \/>\n<link rel=\"canonical\" href=\"https:\/\/wyzej.com.pl\/index.php\/o-nas\/\" \/>\n<meta property=\"og:locale\" content=\"pl_PL\" \/>\n<meta property=\"og:type\" content=\"article\" \/>\n<meta property=\"og:title\" content=\"O Nas \u2013 Poznaj Nasz\u0105 Firm\u0119 i Misj\u0119 - Wy\u017cej\" \/>\n<meta property=\"og:description\" content=\"Dowiedz si\u0119 wi\u0119cej o naszej firmie, do\u015bwiadczeniu i warto\u015bciach, kt\u00f3re nami kieruj\u0105. Realizujemy us\u0142ugi na najwy\u017cszym poziomie, dbaj\u0105c o jako\u015b\u0107 i satysfakcj\u0119 klient\u00f3w. Poznaj nas bli\u017cej!\" \/>\n<meta property=\"og:url\" content=\"https:\/\/wyzej.com.pl\/index.php\/o-nas\/\" \/>\n<meta property=\"og:site_name\" content=\"Wy\u017cej\" \/>\n<meta property=\"article:modified_time\" content=\"2025-03-17T14:07:21+00:00\" \/>\n<meta property=\"og:image\" content=\"https:\/\/wyzej.com.pl\/wp-content\/uploads\/2023\/05\/path145-1-1024x502.png\" \/>\n<meta name=\"twitter:card\" content=\"summary_large_image\" \/>\n<meta name=\"twitter:label1\" content=\"Szacowany czas czytania\" \/>\n\t<meta name=\"twitter:data1\" content=\"1 minuta\" \/>\n<script type=\"application\/ld+json\" class=\"yoast-schema-graph\">{\"@context\":\"https:\/\/schema.org\",\"@graph\":[{\"@type\":\"WebPage\",\"@id\":\"https:\/\/wyzej.com.pl\/index.php\/o-nas\/\",\"url\":\"https:\/\/wyzej.com.pl\/index.php\/o-nas\/\",\"name\":\"O Nas \u2013 Poznaj Nasz\u0105 Firm\u0119 i Misj\u0119 - Wy\u017cej\",\"isPartOf\":{\"@id\":\"https:\/\/wyzej.com.pl\/#website\"},\"primaryImageOfPage\":{\"@id\":\"https:\/\/wyzej.com.pl\/index.php\/o-nas\/#primaryimage\"},\"image\":{\"@id\":\"https:\/\/wyzej.com.pl\/index.php\/o-nas\/#primaryimage\"},\"thumbnailUrl\":\"https:\/\/wyzej.com.pl\/wp-content\/uploads\/2023\/05\/path145-1-1024x502.png\",\"datePublished\":\"2023-05-11T19:36:08+00:00\",\"dateModified\":\"2025-03-17T14:07:21+00:00\",\"description\":\"Dowiedz si\u0119 wi\u0119cej o naszej firmie, do\u015bwiadczeniu i warto\u015bciach, kt\u00f3re nami kieruj\u0105. Realizujemy us\u0142ugi na najwy\u017cszym poziomie, dbaj\u0105c o jako\u015b\u0107 i satysfakcj\u0119 klient\u00f3w. Poznaj nas bli\u017cej!\",\"breadcrumb\":{\"@id\":\"https:\/\/wyzej.com.pl\/index.php\/o-nas\/#breadcrumb\"},\"inLanguage\":\"pl-PL\",\"potentialAction\":[{\"@type\":\"ReadAction\",\"target\":[\"https:\/\/wyzej.com.pl\/index.php\/o-nas\/\"]}]},{\"@type\":\"ImageObject\",\"inLanguage\":\"pl-PL\",\"@id\":\"https:\/\/wyzej.com.pl\/index.php\/o-nas\/#primaryimage\",\"url\":\"https:\/\/wyzej.com.pl\/wp-content\/uploads\/2023\/05\/path145-1.png\",\"contentUrl\":\"https:\/\/wyzej.com.pl\/wp-content\/uploads\/2023\/05\/path145-1.png\",\"width\":2377,\"height\":1165},{\"@type\":\"BreadcrumbList\",\"@id\":\"https:\/\/wyzej.com.pl\/index.php\/o-nas\/#breadcrumb\",\"itemListElement\":[{\"@type\":\"ListItem\",\"position\":1,\"name\":\"Strona g\u0142\u00f3wna\",\"item\":\"https:\/\/wyzej.com.pl\/\"},{\"@type\":\"ListItem\",\"position\":2,\"name\":\"O nas\"}]},{\"@type\":\"WebSite\",\"@id\":\"https:\/\/wyzej.com.pl\/#website\",\"url\":\"https:\/\/wyzej.com.pl\/\",\"name\":\"Wy\u017cej - Us\u0142ugi wysoko\u015bciowe\",\"description\":\"\",\"publisher\":{\"@id\":\"https:\/\/wyzej.com.pl\/#organization\"},\"potentialAction\":[{\"@type\":\"SearchAction\",\"target\":{\"@type\":\"EntryPoint\",\"urlTemplate\":\"https:\/\/wyzej.com.pl\/?s={search_term_string}\"},\"query-input\":{\"@type\":\"PropertyValueSpecification\",\"valueRequired\":true,\"valueName\":\"search_term_string\"}}],\"inLanguage\":\"pl-PL\"},{\"@type\":\"Organization\",\"@id\":\"https:\/\/wyzej.com.pl\/#organization\",\"name\":\"Wy\u017cej - Us\u0142ugi wysoko\u015bciowe\",\"url\":\"https:\/\/wyzej.com.pl\/\",\"logo\":{\"@type\":\"ImageObject\",\"inLanguage\":\"pl-PL\",\"@id\":\"https:\/\/wyzej.com.pl\/#\/schema\/logo\/image\/\",\"url\":\"https:\/\/wyzej.com.pl\/wp-content\/uploads\/2023\/05\/path133.png\",\"contentUrl\":\"https:\/\/wyzej.com.pl\/wp-content\/uploads\/2023\/05\/path133.png\",\"width\":870,\"height\":773,\"caption\":\"Wy\u017cej - Us\u0142ugi wysoko\u015bciowe\"},\"image\":{\"@id\":\"https:\/\/wyzej.com.pl\/#\/schema\/logo\/image\/\"}}]}<\/script>\n<!-- \/ Yoast SEO plugin. -->","yoast_head_json":{"title":"O Nas \u2013 Poznaj Nasz\u0105 Firm\u0119 i Misj\u0119 - Wy\u017cej","description":"Dowiedz si\u0119 wi\u0119cej o naszej firmie, do\u015bwiadczeniu i warto\u015bciach, kt\u00f3re nami kieruj\u0105. Realizujemy us\u0142ugi na najwy\u017cszym poziomie, dbaj\u0105c o jako\u015b\u0107 i satysfakcj\u0119 klient\u00f3w. Poznaj nas bli\u017cej!","robots":{"index":"index","follow":"follow","max-snippet":"max-snippet:-1","max-image-preview":"max-image-preview:large","max-video-preview":"max-video-preview:-1"},"canonical":"https:\/\/wyzej.com.pl\/index.php\/o-nas\/","og_locale":"pl_PL","og_type":"article","og_title":"O Nas \u2013 Poznaj Nasz\u0105 Firm\u0119 i Misj\u0119 - Wy\u017cej","og_description":"Dowiedz si\u0119 wi\u0119cej o naszej firmie, do\u015bwiadczeniu i warto\u015bciach, kt\u00f3re nami kieruj\u0105. Realizujemy us\u0142ugi na najwy\u017cszym poziomie, dbaj\u0105c o jako\u015b\u0107 i satysfakcj\u0119 klient\u00f3w. Poznaj nas bli\u017cej!","og_url":"https:\/\/wyzej.com.pl\/index.php\/o-nas\/","og_site_name":"Wy\u017cej","article_modified_time":"2025-03-17T14:07:21+00:00","og_image":[{"url":"https:\/\/wyzej.com.pl\/wp-content\/uploads\/2023\/05\/path145-1-1024x502.png","type":"","width":"","height":""}],"twitter_card":"summary_large_image","twitter_misc":{"Szacowany czas czytania":"1 minuta"},"schema":{"@context":"https:\/\/schema.org","@graph":[{"@type":"WebPage","@id":"https:\/\/wyzej.com.pl\/index.php\/o-nas\/","url":"https:\/\/wyzej.com.pl\/index.php\/o-nas\/","name":"O Nas \u2013 Poznaj Nasz\u0105 Firm\u0119 i Misj\u0119 - Wy\u017cej","isPartOf":{"@id":"https:\/\/wyzej.com.pl\/#website"},"primaryImageOfPage":{"@id":"https:\/\/wyzej.com.pl\/index.php\/o-nas\/#primaryimage"},"image":{"@id":"https:\/\/wyzej.com.pl\/index.php\/o-nas\/#primaryimage"},"thumbnailUrl":"https:\/\/wyzej.com.pl\/wp-content\/uploads\/2023\/05\/path145-1-1024x502.png","datePublished":"2023-05-11T19:36:08+00:00","dateModified":"2025-03-17T14:07:21+00:00","description":"Dowiedz si\u0119 wi\u0119cej o naszej firmie, do\u015bwiadczeniu i warto\u015bciach, kt\u00f3re nami kieruj\u0105. Realizujemy us\u0142ugi na najwy\u017cszym poziomie, dbaj\u0105c o jako\u015b\u0107 i satysfakcj\u0119 klient\u00f3w. Poznaj nas bli\u017cej!","breadcrumb":{"@id":"https:\/\/wyzej.com.pl\/index.php\/o-nas\/#breadcrumb"},"inLanguage":"pl-PL","potentialAction":[{"@type":"ReadAction","target":["https:\/\/wyzej.com.pl\/index.php\/o-nas\/"]}]},{"@type":"ImageObject","inLanguage":"pl-PL","@id":"https:\/\/wyzej.com.pl\/index.php\/o-nas\/#primaryimage","url":"https:\/\/wyzej.com.pl\/wp-content\/uploads\/2023\/05\/path145-1.png","contentUrl":"https:\/\/wyzej.com.pl\/wp-content\/uploads\/2023\/05\/path145-1.png","width":2377,"height":1165},{"@type":"BreadcrumbList","@id":"https:\/\/wyzej.com.pl\/index.php\/o-nas\/#breadcrumb","itemListElement":[{"@type":"ListItem","position":1,"name":"Strona g\u0142\u00f3wna","item":"https:\/\/wyzej.com.pl\/"},{"@type":"ListItem","position":2,"name":"O nas"}]},{"@type":"WebSite","@id":"https:\/\/wyzej.com.pl\/#website","url":"https:\/\/wyzej.com.pl\/","name":"Wy\u017cej - Us\u0142ugi wysoko\u015bciowe","description":"","publisher":{"@id":"https:\/\/wyzej.com.pl\/#organization"},"potentialAction":[{"@type":"SearchAction","target":{"@type":"EntryPoint","urlTemplate":"https:\/\/wyzej.com.pl\/?s={search_term_string}"},"query-input":{"@type":"PropertyValueSpecification","valueRequired":true,"valueName":"search_term_string"}}],"inLanguage":"pl-PL"},{"@type":"Organization","@id":"https:\/\/wyzej.com.pl\/#organization","name":"Wy\u017cej - Us\u0142ugi wysoko\u015bciowe","url":"https:\/\/wyzej.com.pl\/","logo":{"@type":"ImageObject","inLanguage":"pl-PL","@id":"https:\/\/wyzej.com.pl\/#\/schema\/logo\/image\/","url":"https:\/\/wyzej.com.pl\/wp-content\/uploads\/2023\/05\/path133.png","contentUrl":"https:\/\/wyzej.com.pl\/wp-content\/uploads\/2023\/05\/path133.png","width":870,"height":773,"caption":"Wy\u017cej - Us\u0142ugi wysoko\u015bciowe"},"image":{"@id":"https:\/\/wyzej.com.pl\/#\/schema\/logo\/image\/"}}]}},"_links":{"self":[{"href":"https:\/\/wyzej.com.pl\/index.php\/wp-json\/wp\/v2\/pages\/17","targetHints":{"allow":["GET"]}}],"collection":[{"href":"https:\/\/wyzej.com.pl\/index.php\/wp-json\/wp\/v2\/pages"}],"about":[{"href":"https:\/\/wyzej.com.pl\/index.php\/wp-json\/wp\/v2\/types\/page"}],"author":[{"embeddable":true,"href":"https:\/\/wyzej.com.pl\/index.php\/wp-json\/wp\/v2\/users\/1"}],"replies":[{"embeddable":true,"href":"https:\/\/wyzej.com.pl\/index.php\/wp-json\/wp\/v2\/comments?post=17"}],"version-history":[{"count":7,"href":"https:\/\/wyzej.com.pl\/index.php\/wp-json\/wp\/v2\/pages\/17\/revisions"}],"predecessor-version":[{"id":251,"href":"https:\/\/wyzej.com.pl\/index.php\/wp-json\/wp\/v2\/pages\/17\/revisions\/251"}],"wp:attachment":[{"href":"https:\/\/wyzej.com.pl\/index.php\/wp-json\/wp\/v2\/media?parent=17"}],"curies":[{"name":"wp","href":"https:\/\/api.w.org\/{rel}","templated":true}]}}